331
What is 44012300 (base 5) in base 11?
237503
What is 142066 (base 8) in base 5?
3101410
Convert -971782 (base 11) to base 3.
-2220221222111
1111001011101110001 (base 2) to base 11
30a882
What is 201011221001020 (base 3) in base 12?
34b7629
Convert 3022220232 (base 4) to base 5.
203024443
-11015042 (base 6) to base 16
-50522
1482661 (base 14) to base 15
d266c4
What is 543141431 (base 6) in base 8?
44710733
Convert 5000433 (base 6) to base 9.
385203
-1011000111001110100 (base 2) to base 8
-1307164
-661270 (base 15) to base 2
-10010100011011110111010
-518701 (base 9) to base 14
-8046a
28a092 (base 11) to base 7
3563440
Convert 34edd (base 15) to base 8.
511435
Convert -326b8 (base 13) to base 15.
-1c07c
What is 30a32 (base 13) in base 12?
42706
Convert -34402210 (base 5) to base 14.
-80c00
Convert -5422727 (base 8) to base 11.
-901577
-a78b82 (base 13) to base 8
-17000356
13141 (base 16) to base 12
39281
What is 11101011000001101110 (base 2) in base 4?
3223001232
What is 1553404 (base 11) in base 12?
a80206
4b74d (base 16) to base 8
1133515
135816 (base 9) to base 13
2ba49
-1311040403 (base 5) to base 12
-10b4261
Convert 413232200 (base 5) to base 8.
6360265
What is 111212000112 (base 3) in base 16?
42914
-1030330321 (base 4) to base 3
-121000100211
What is -23201330001 (base 4) in base 10?
-3022593
-121001002110 (base 3) to base 8
-1150513
Convert 1001010101011101100 (base 2) to base 12.
129038
202001010100 (base 3) to base 16
604ef
What is -a38a5 (base 12) in base 6?
-4325525
Convert 2074717 (base 9) to base 16.
10f8f4
1765bd (base 14) to base 12
339077
Convert 13001530 (base 7) to base 8.
4373013
Convert 11052421 (base 6) to base 4.
1101131131
Convert -6d0968 (base 15) to base 16.
-4f98f2
What is 12010111210 (base 3) in base 14?
28b26
What is 535475 (base 8) in base 14?
49341
What is 3720976 (base 12) in base 8?
50765552
Convert -70569 (base 10) to base 9.
-116720
Convert -23432 (base 16) to base 15.
-2cbde
311303 (base 5) to base 12
5aa3
What is -1055757 (base 11) in base 8?
-7041652
-711f9 (base 16) to base 14
-c0c09
-27a0a (base 14) to base 12
-48876
What is 3101230223 (base 4) in base 11?
53735a
-1246428 (base 12) to base 10
-3577568
-1010010000001111001 (base 2) to base 15
-69848
What is -3332211200 (base 4) in base 7?
-11602121
Convert -54ba76 (base 13) to base 4.
-13213131313
20044341 (base 5) to base 11
a97a0
What is -30303223210 (base 4) in base 16?
-333ae4
-1cced (base 15) to base 5
-11002143
145216 (base 9) to base 13
31740
What is 409a9 (base 12) in base 16?
14991
-1a5441 (base 13) to base 9
-1228147
95724c (base 13) to base 4
31112202333
780422 (base 9) to base 13
134258
Convert 21121211110 (base 3) to base 2.
100100101000100011
-163041 (base 10) to base 7
-1246224
Convert 5195 (base 12) to base 10.
8897
What is 26032555 (base 7) in base 3?
11102221220011
Convert 4a376e (base 16) to base 3.
100011002221202
Convert 15081 (base 14) to base 16.
cc19
-12434344 (base 5) to base 3
-20022120112
-544546 (base 9) to base 10
-324852
What is -2221011021100 (base 3) in base 11?
-974669
What is -1a5147 (base 12) in base 8?
-1614207
What is -5234360 (base 8) in base 4?
-11103203300
-9d408 (base 15) to base 16
-7a2b8
What is 1213103203 (base 4) in base 11?
269a02
What is 13405233 (base 6) in base 9?
758243
111101100111101111000 (base 2) to base 12
814620
12a0b7 (base 13) to base 10
450535
404434 (base 6) to base 16
7d86
What is -110002111202 (base 3) in base 8?
-720711
Convert 1443541 (base 6) to base 7.
466210
What is 75115643 (base 8) in base 10?
16030627
Convert 131122131312 (base 4) to base 13.
179c799
12110231213 (base 4) to base 5
411021303
Convert 11b4a85 (base 13) to base 10.
5522860
Convert -1000010110011110010 (base 2) to base 4.
-1002303302
1a4588 (base 11) to base 5
40012421
Convert 10100111110000011010 (base 2) to base 9.
1256507
121120231 (base 4) to base 8
313055
Convert 3624052 (base 8) to base 12.
3baa0a
Convert 51513420 (base 6) to base 4.
11223013110
Convert 2668e (base 16) to base 14.
41498
40440025 (base 8) to base 11
4900318
-300032202 (base 4) to base 2
-110000001110100010
What is -370190 (base 12) in base 14?
-193072
What is 1000202001101012 (base 3) in base 5?
12233243241
Convert -321433314 (base 5) to base 11.
-8487a7
Convert 53e15 (base 16) to base 12.
1469b1
What is 11110210044 (base 5) in base 10?
12194399
What is -21b950 (base 16) in base 7?
-24533344
What is -4166861 (base 9) in base 6?
-115440344
What is 1001110010101000100000 (base 2) in base 3?
11211101211112
Convert -1101000000101111100010 (base 2) to base 3.
-20102021220011
Convert -2323112114 (base 5) to base 12.
-192a744
What is 221120210200 (base 3) in base 10?
503595
What is 20112110101 (base 3) in base 5?
13104023
-1021000010221121 (base 3) to base 12
-6076314
Convert 142317 (base 10) to base 16.
22bed
Convert 2131201412 (base 5) to base 2.
10001010111101010001101
-157476 (base 9) to base 13
-35406
84102 (base 10) to base 7
500124
What is 2352124 (base 7) in base 14?
7aabb
What is 55102510 (base 6) in base 5?
410010404
What is -21120020201 (base 3) in base 7?
-1160050
-cc51 (base 15) to base 8
-124414
Convert 3178141 (base 9) to base 13.
479230
What is 50bb8 (base 12) in base 8?
315674
124c363 (base 14) to base 7
134506653
Convert -1008466 (base 11) to base 10.
-1782765
Convert -215123552 (base 6) to base 16.
-3b429c
24ad3 (base 16) to base 6
3115255
Convert 1151e (base 15) to base 7.
316541
What is 2414120 (base 5) in base 4?
22331232
Convert -3900 (base 16) to base 11.
-aa66
-e7df (base 16) to base 7
-335026
Convert 1675297 (base 12) to base 5.
2141230141
-10002011212101 (base 3) to base 13
-4542a3
-7877 (base 12) to base 2
-11010000011011
-21312010111 (base 4) to base 8
-11660425
-449915 (base 11) to base 10
-715852
-10011110100001011 (base 2) to base 11
-55a85
What is -b218a2 (base 12) in base 15?
-39e2bb
Convert 2481e (base 16) to base 6.
3112142
What is -39b337 (base 12) in base 5?
-220440403
What is 84200 (base 12) in base 9?
283380
Convert -60396 (base 15) to base 13.
-a8822
Convert -504 (base 7) to base 12.
-189
What is 180858 (base 9) in base 11?
77365
What is -24641541 (base 7) in base 13?
-6005ac
120000021211 (base 3) to base 5
33423311
2047632 (base 10) to base 3
10212000211020
-268384 (base 9) to base 14
-438ab
What is 1753648 (base 10) in base 13?
495280
What is 1026a5 (base 15) in base 6?
24241502
Convert 2a997 (base 15) to base 12.
67467
Convert 4688670 (base 9) to base 13.
6ab831
What is -176233 (base 13) in base 15?
-b8407
Convert 304443310 (base 5) to base 15.
19a4c0
Convert -c652 (base 16) to base 6.
-1031014
-33210423 (base 6) to base 15
-14a523
-110101111100101010010 (base 2) to base 8
-6574522
120221211 (base 3) to base 12
6894
What is -17352 (base 13) in base 8?
-126742
-2251320 (base 6) to base 2
-11100001111100000
-10111001100 (base 2) to base 14
-780
Convert 405207 (base 8) to base 3.
20210111100
What is -1452102 (base 6) in base 8?
-245346
680a (base 14) to base 11
12612
What is 1c3bdb (base 15) in base 5?
323122211
-2200200122011 (base 3) to base 14
-2935b3
Convert 8045687 (base 9) to base 4.
100111121332
Convert -6777023 (base 8) to base 9.
-3405430
-2031200001 (base 4) to base 14
-11130d
Convert -27c039 (base 15) to base 3.
-10121020002000
-207014 (base 11) to base 3
-121211122100
What is 726846 (base 9) in base 3?
210220221120
-103023103220 (base 4) to base 2
-10011001011010011101000
Convert 130760 (base 11) to base 16.
3243f
What is -110010011111110001 (base 2) in base 5?
-23104313
What is 2220202212022 (base 3) in base 8?
5724223
-a7489 (base 14) to base 13
-11201c
Convert -12022022112 (base 3) to base 4.
-121200131
5a0ee (base 15) to base 9
476738
What is 1442422 (base 7) in base 6?
4104311
What is -30112343 (base 5) in base 16?
-3a389
Convert 4434044 (base 8) to base 13.
32a629
5e35e (base 15) to base 11
196283
What is -372bf (base 16) in base 7?
-1630562
Convert -4414033 (base 6) to base 12.
-a7319
382b396 (base 12) to base 16
a7fe62
What is 202421635 (base 7) in base 16?
b4a099
What is -2461005 (base 7) in base 15?
-64020
What is 1335606 (base 7) in base 11?
111221
-22110222222 (base 3) to base 16
-28c1c
-32141300 (base 7) to base 11
-15a723a
Convert -14014424 (base 8) to base 16.
-301914
Convert -1200122022